523747?
4523747
List the prime factors of 2598199916.
2, 13, 19, 202289
What are the prime factors of 81980831?
47, 1744273
List the prime factors of 766667473.
11, 13, 5361311
What are the prime factors of 1046761617?
3, 11, 31720049
What are the prime factors of 123381597?
3, 17, 2419247
What are the prime factors of 768268316?
2, 8753, 21943
What are the prime factors of 5118190221?
3, 17, 911, 110161
What are the prime factors of 392939764?
2, 7, 59, 237857
What are the prime factors of 2901121866?
2, 3, 461, 116539
List the prime factors of 415781936.
2, 25986371
What are the prime factors of 28767200?
2, 5, 7, 11, 467
List the prime factors of 523563645.
3, 5, 11, 41, 193, 401
List the prime factors of 28241962.
2, 7, 2017283
What are the prime factors of 392033159?
7, 56004737
What are the prime factors of 164672987?
5801, 28387
What are the prime factors of 23975740?
2, 5, 227, 5281
List the prime factors of 393847089.
3, 131282363
List the prime factors of 33026113.
33026113
List the prime factors of 242780888.
2, 7, 103, 859
List the prime factors of 62420525.
5, 59, 101, 419
What are the prime factors of 37605236?
2, 9401309
List the prime factors of 74778335.
5, 14955667
List the prime factors of 609832331.
609832331
List the prime factors of 200086407.
3, 23, 251, 3851
What are the prime factors of 222727388?
2, 13, 2029, 2111
What are the prime factors of 150906934?
2, 75453467
List the prime factors of 1666691429.
13, 128207033
List the prime factors of 53291139.
3, 11, 31, 113, 461
List the prime factors of 48364244.
2, 12091061
What are the prime factors of 91019315?
5, 18203863
What are the prime factors of 1511310455?
5, 17, 17780123
What are the prime factors of 185011289?
17, 2131, 5107
What are the prime factors of 1839358144?
2, 13, 173, 983
List the prime factors of 22062585.
3, 5, 1470839
What are the prime factors of 1539218238?
2, 3, 1039, 246907
List the prime factors of 203389539.
3, 47, 347, 4157
List the prime factors of 23644760.
2, 5, 47, 12577
What are the prime factors of 296209376?
2, 971, 9533
List the prime factors of 177523464.
2, 3, 239, 30949
List the prime factors of 6993161062.
2, 3496580531
What are the prime factors of 53129950?
2, 5, 1062599
What are the prime factors of 181691481?
3, 227, 266801
List the prime factors of 1277678142.
2, 3, 13, 19, 193, 1489
What are the prime factors of 40984695?
3, 5, 910771
What are the prime factors of 72604364?
2, 7, 541, 4793
What are the prime factors of 93870255?
3, 5, 109, 57413
List the prime factors of 74411036.
2, 7, 31, 59, 1453
What are the prime factors of 36776941?
1889, 19469
What are the prime factors of 216297527?
7561, 28607
What are the prime factors of 2408579853?
3, 1051, 763901
What are the prime factors of 1136137301?
13, 127, 137, 5023
List the prime factors of 150734147.
349, 431903
What are the prime factors of 32285165?
5, 11, 61, 9623
List the prime factors of 425653965.
3, 5, 11, 307, 2801
List the prime factors of 1864372.
2, 89, 5237
What are the prime factors of 94232167?
94232167
What are the prime factors of 1375016730?
2, 3, 5, 29, 1580479
What are the prime factors of 33389576?
2, 11, 53, 7159
What are the prime factors of 38188822?
2, 7, 19, 143567
List the prime factors of 1163630217.
3, 383, 1012733
What are the prime factors of 106294457?
199, 691, 773
What are the prime factors of 90323909?
13, 197, 2713
List the prime factors of 6535053756.
2, 3, 7, 11, 23, 1627
List the prime factors of 81867351.
3, 53, 514889
List the prime factors of 36673986.
2, 3, 53, 115327
List the prime factors of 425013195.
3, 5, 28334213
What are the prime factors of 1307848570?
2, 5, 7, 18683551
List the prime factors of 163480465.
5, 19, 1720847
What are the prime factors of 7121155807?
41, 173686727
What are the prime factors of 257545638?
2, 3, 7, 2044013
What are the prime factors of 248760627?
3, 137, 605257
List the prime factors of 93321329.
3229, 28901
List the prime factors of 703940284.
2, 17, 10352063
List the prime factors of 1969459635.
3, 5, 11, 13, 719, 1277
List the prime factors of 1897069576.
2, 17, 13949041
List the prime factors of 88826623.
29, 41, 74707
List the prime factors of 330741412.
2, 53, 1181, 1321
What are the prime factors of 398809789?
7, 53, 181, 5939
What are the prime factors of 812702524?
2, 659, 308309
What are the prime factors of 131986715?
5, 7, 3771049
List the prime factors of 266091367.
239, 839, 1327
What are the prime factors of 15876846?
2, 3, 882047
List the prime factors of 734748093.
3, 857, 95261
What are the prime factors of 47191318?
2, 23595659
List the prime factors of 140591653.
140591653
What are the prime factors of 688234130?
2, 5, 6569, 10477
List the prime factors of 27632341.
11, 67, 37493
List the prime factors of 816060.
2, 3, 5, 7, 29, 67
What are the prime factors of 706777708?
2, 7, 13, 439, 4423
What are the prime factors of 183171890?
2, 5, 11, 97, 17167
List the prime factors of 1049147097.
3, 79, 4426781
List the prime factors of 9127660.
2, 5, 53, 79, 109
List the prime factors of 1532619370.
2, 5, 331, 599, 773
List the prime factors of 661860189.
3, 2153, 34157
List the prime factors of 34434887.
23, 139, 10771
List the prime factors of 45556877.
109, 417953
List the prime factors of 79041687.
3, 17, 1549837
List the prime factors of 815359026.
2, 3, 181, 750791
List the prime factors of 28161098.
2, 7, 2011507
List the prime factors of 2113444760.
2, 5, 7, 17, 444001
What are the prime factors of 407375302?
2, 11821, 17231
What are the prime factors of 196026352?
2, 12251647
What are the prime factors of 57546165?
3, 5, 41, 137, 683
What are the prime factors of 200147524?
2, 50036881
List the prime factors of 3022534418.
2, 67, 223, 101149
What are the prime factors of 30873650?
2, 5, 617473
List the prime factors of 2608076251.
11, 431, 550111
What are the prime factors of 201956328?
2, 3, 7, 17, 97
List the prime factors of 2346951786.
2, 3, 23, 17006897
What are the prime factors of 69219032?
2, 31, 279109
List the prime factors of 691855659.
3, 11, 439, 15919
List the prime factors of 306408134.
2, 47, 3259661
What are the prime factors of 12398936?
2, 11, 140897
List the prime factors of 33831721.
7, 11, 59, 677
List the prime factors of 2212364823.
3, 2729, 270229
List the prime factors of 4253105533.
43, 2467, 40093
What are the prime factors of 2948383544?
2, 797, 462419
List the prime factors of 61932519.
3, 11, 71, 89
List the prime factors of 17074861.
71, 240491
What are the prime factors of 1991504686?
2, 995752343
What are the prime factors of 470684198?
2, 235342099
List the prime factors of 5893707027.
3, 13, 383, 394571
List the prime factors of 596407493.
11, 54218863
List the prime factors of 348572992.
2, 97, 56149
What are the prime factors of 1665159207?
3, 29, 1051, 18211
What are the prime factors of 75243854?
2, 7, 167, 32183
List the prime factors of 1102588076.
2, 23, 11984653
What are the prime factors of 3237613014?
2, 3, 53, 10181173
What are the prime factors of 32765073?
3, 11, 109, 9109
What are the prime factors of 999783647?
41, 2791, 8737
What are the prime factors of 32163266?
2, 16081633
What are the prime factors of 225924589?
11, 83, 353, 701
List the prime factors of 831622957.
11, 31, 221707
List the prime factors of 99484469.
7, 149, 95383
What are the prime factors of 131393911?
11, 19, 628679
What are the prime factors of 6102701711?
23, 283, 3313
List the prime factors of 49983631.
619, 80749
What are the prime factors of 2487629319?
3, 7, 118458539
What are the prime factors of 1960278785?
5, 392055757
What are the prime factors of 477767470?
2, 5, 47776747
What are the prime factors of 2834947270?
2, 5, 283494727
List the prime factors of 51601663.
19, 397, 6841
What are the prime factors of 32808419?
7, 17, 23, 11987
What are the prime factors of 1122025272?
2, 3, 46751053
What are the prime factors of 3622709?
29, 53, 2357
What are the prime factors of 79616658?
2, 3, 11, 29, 41597
What are the prime factors of 179683003?
61, 73, 40351
What are the prime factors of 8063282?
2, 4031641
What are the prime factors of 51019267?
13, 23, 170633
What are the prime factors of 3902544596?
2, 19, 23, 491, 4547
What are the pr